 16, what is 10 - -3?
13
In base 11, what is -1a57 - -3?
-1a54
In base 4, what is -10 + 32331?
32321
In base 10, what is -3 + -36?
-39
In base 13, what is 361 + -1?
360
In base 14, what is 2c56 + -5?
2c51
In base 8, what is 1 - -1474?
1475
In base 7, what is -562 - -6?
-553
In base 15, what is -29 + 3?
-26
In base 2, what is 10011 + -1001111?
-111100
In base 13, what is 20c - 1?
20b
In base 8, what is 334 - 11?
323
In base 2, what is -111110101 + -101?
-111111010
In base 14, what is -31 + 28?
-7
In base 6, what is -33 - 5?
-42
In base 14, what is -211 - -1?
-210
In base 12, what is -105 - 1?
-106
In base 11, what is -98 - -59?
-3a
In base 13, what is 58 - 3?
55
In base 13, what is 0 + 37?
37
In base 9, what is 3177 + -21?
3156
In base 2, what is 1 - 11001111001?
-11001111000
In base 7, what is 5 + 32?
40
In base 9, what is -1 + -37?
-38
In base 4, what is -13102 + -11?
-13113
In base 4, what is 1 - 300?
-233
In base 8, what is 44 - 211?
-145
In base 3, what is -1121112 - 1?
-1121120
In base 4, what is 223233 + 0?
223233
In base 12, what is 2 - -476?
478
In base 5, what is 3 - 13?
-10
In base 12, what is 4 - 37?
-33
In base 8, what is -1032 + 0?
-1032
In base 15, what is 284 + -2?
282
In base 3, what is -1220 - 0?
-1220
In base 5, what is -20 + 32002?
31432
In base 8, what is -2354 + 0?
-2354
In base 6, what is 2 + -3?
-1
In base 9, what is -270 + 0?
-270
In base 8, what is -540 - 1?
-541
In base 10, what is 36 - -17?
53
In base 15, what is -1d - 2?
-20
In base 14, what is -3d0 + 2?
-3cc
In base 13, what is -2 - 202?
-204
In base 6, what is 1 + -2332?
-2331
In base 15, what is 2c - -1?
2d
In base 5, what is -4 + -102?
-111
In base 16, what is -205 - -7?
-1fe
In base 6, what is -2 + -241?
-243
In base 15, what is 0 + -eb?
-eb
In base 7, what is -552 - 0?
-552
In base 16, what is 2 + -2309?
-2307
In base 9, what is -2 + 6624?
6622
In base 13, what is -5 - -c?
7
In base 3, what is -2 - -1111?
1102
In base 13, what is 60 + a?
6a
In base 2, what is -110 - 110100111001?
-110100111111
In base 10, what is 5 + -255?
-250
In base 14, what is -c4b + -1?
-c4c
In base 15, what is 1b + 236?
252
In base 2, what is -1110011100 - 0?
-1110011100
In base 14, what is -7b + 5?
-76
In base 3, what is -101 - 11220?
-12021
In base 5, what is -1 + -20213?
-20214
In base 12, what is -6808 - -1?
-6807
In base 3, what is 1021 - -2102?
10200
In base 3, what is 102 - 2111?
-2002
In base 8, what is 233 - 1?
232
In base 12, what is 120 + -8?
114
In base 14, what is -9225 - 3?
-9228
In base 11, what is -4 - -5?
1
In base 11, what is -138 - -12?
-126
In base 7, what is -20 - 26?
-46
In base 15, what is -41 + 23?
-1d
In base 14, what is -92d0 - -2?
-92cc
In base 12, what is -4 + -a5?
-a9
In base 8, what is -14 - 15?
-31
In base 15, what is 4 - 60?
-5b
In base 15, what is -a + 2de?
2d4
In base 12, what is 1 + 3689?
368a
In base 3, what is -10 - -220000?
212220
In base 4, what is 2003 + -1?
2002
In base 13, what is 5 - 23?
-1b
In base 12, what is 4a + 0?
4a
In base 3, what is -1221 + 111?
-1110
In base 6, what is 13 + 114?
131
In base 10, what is 30 - 1?
29
In base 9, what is 128 - -72?
211
In base 14, what is -2 - -62c?
62a
In base 3, what is -201011 + 21?
-200220
In base 7, what is 1006 + -2?
1004
In base 7, what is 3062 + -3?
3056
In base 13, what is 82 - -56?
108
In base 6, what is -54 - -13?
-41
In base 11, what is -661 - -4?
-658
In base 16, what is -60a + -3?
-60d
In base 2, what is -100100 - 0?
-100100
In base 9, what is -8 - 2566?
-2575
In base 14, what is -98d + 5?
-988
In base 13, what is -a5 - -4?
-a1
In base 5, what is 3 + -13230?
-13222
In base 10, what is 6 - 3?
3
In base 8, what is -304 - 2?
-306
In base 9, what is 17 - -342?
360
In base 16, what is 38 + 4?
3c
In base 5, what is -110 + -1001?
-1111
In base 4, what is 10101 - -13?
10120
In base 11, what is 173 + 1?
174
In base 7, what is -230 - -22?
-205
In base 4, what is -3 - 1023?
-1032
In base 5, what is -24122 + -2?
-24124
In base 7, what is 133 - -1?
134
In base 2, what is -100110010010 - -11?
-100110001111
In base 3, what is 11002 - -11?
11020
In base 13, what is -5 + -2ba?
-2c2
In base 7, what is 3602 - 1?
3601
In base 11, what is 5 - 2163?
-2159
In base 4, what is 1 + 3233?
3300
In base 16, what is -88 + -4?
-8c
In base 2, what is -1100 + -1110?
-11010
In base 8, what is 4 - 63?
-57
In base 14, what is 1768 - -3?
176b
In base 4, what is 2122 + -31?
2031
In base 6, what is -131 + -1?
-132
In base 12, what is -9 - -1b?
12
In base 16, what is 1c + -5a?
-3e
In base 7, what is -10431 + -1?
-10432
In base 10, what is 0 - 188?
-188
In base 14, what is 179 - 5?
174
In base 11, what is 86 - -3?
89
In base 13, what is -1 + -b55?
-b56
In base 14, what is -10 + -1c4?
-1d4
In base 3, what is -1 - -102222001?
102222000
In base 4, what is -112131 + 11?
-112120
In base 15, what is 1ce + -4?
1ca
In base 3, what is 201111 - 10?
201101
In base 5, what is 402 - -4?
411
In base 8, what is 11 + -24?
-13
In base 2, what is -11 + -10110111?
-10111010
In base 15, what is -d8 + 1d?
-ba
In base 2, what is -10010 - 1011101?
-1101111
In base 11, what is -1 + -2386?
-2387
In base 6, what is -2223 - 2?
-2225
In base 8, what is -2464 + 2?
-2462
In base 12, what is -23 - a5?
-108
In base 14, what is 2c - -4?
32
In base 7, what is 231124 - 4?
231120
In base 4, what is -11 - 1112300?
-1112311
In base 4, what is -120021 - 11?
-120032
In base 6, what is 5 + -112?
-103
In base 6, what is -2 - -1403?
1401
In base 4, what is 10200 - 2?
10132
In base 11, what is 134 - -39?
172
In base 9, what is 4 - 158?
-154
In base 10, what is -34 - 4?
-38
In base 9, what is 178 + -2?
176
In base 4, what is -11 - 311?
-322
In base 13, what is 57 + -2?
55
In base 10, what is -30 - 245?
-275
In base 3, what is 21010121 + -11?
21010110
In base 5, what is 100 + 30?
130
In base 12, what is -3 - -16?
13
In base 7, what is -4533 - 4?
-4540
In base 3, what is -22 + -11100212?
-11101011
In base 11, what is 861 - -2?
863
In base 11, what is -585 - 4?
-589
In base 12, what is -3 + 1522?
151b
In base 16, what is 4e + -d?
41
In base 7, what is 12010 - 0?
12010
In base 8, what is 14 + 24?
40
In base 14, what is -1d + 16d?
150
In base 15, what is 4 + -227a?
-2276
In base 4, what is 100 - -1033?
1133
In base 9, what is 3 - 683?
-680
In base 15, what is -5 + 35?
30
In base 4, what is 3 + -12021?
-12012
In base 13, what is 529 - 8?
521
In base 2, what is -10 - -101000?
100110
In base 2, what is 10010010 - 10?
10010000
In base 7, what is 5 - -20036?
20044
In base 6, what is -10 + 434?
424
In base 9, what is 2 - -2862?
2864
In base 11, what is 4 + -167?
-163
In base 12, what is 0 + 41?
41
In base 8, what is -1460 + -5?
-1465
In base 9, what is 15 - -35?
51
In base 5, what is 0 + -3141?
-3141
In base 12, what is -4052 - 3?
-4055
In base 16, what is 5 + -409?
-404
In base 16, what is 16 - 77?
-61
In base 4, what is 0 - -1232231?
1232231
In base 11, what is -1947 - -5?
-1942
In base 5, what is 441 + 4?
1000
In base 2, what is -100 - 101001?
-101101
In base 10, what is -18255 + 3?
-18252
In base 6, what is -133 - -130?
-3
In base 6, what is 0 - 41?
-41
In base 4, what is -201210 + 3?
-201201
In base 5, what is 244 - 1201?
-402
In base 13, what is 14aa - -1?
14ab
In base 9, what is 2 - 1248?
-1246
In base 9, what is 1617 - 2?
1615
In base 13, what is -2 + 3?
1
In base 5, what is 343 + -11?
332
In base 9, what is -18 - 207?
-226
In base 5, what is -1300 + 10?
-1240
In base 3, what is -10021 - 10?
-10101
In base 3, what is 0 + -2121000?
-2121000
In base 4, what is 111000 - -2?
111002
In base 5, what is 4 + -40?
-31
In base 3, what is 1002121 - -1?
1002122
In base 5, what is -421 - 0?
-421
In base 14, what is 880 + 2?
882
In base 10, what is -24269 - 0?
-24269
In base 13, what is -36 - -7?
-2c
In base 12, what is -24b + -2?
-251
In base 3, what is -10 + 122?
112
In base 13, what is -2 + 2b?
29
In base 16, what is 1c - 2?
1a
In base 15, what is 2d + -5?
28
In base 11, what is 8 + -282?
-275
In base 6, what is -31 - -43?
12
In base 10, what is 3 + 4518?
4521
In base 11, what is 1 - -1421?
1422
In base 12, what is -33a + -3?
-341
In base 11, what is -3 - -55?
52
In base 12, what is -23 + 137?
114
In base 7, what is -215 - 2?
-220
In base 11, what is -2 - -8a6?
8a4
In base 7, what is -4 +